{"id":293,"date":"2021-06-09T15:36:20","date_gmt":"2021-06-09T13:36:20","guid":{"rendered":"http:\/\/la-verriere-arles.com\/?page_id=293"},"modified":"2021-06-09T15:45:22","modified_gmt":"2021-06-09T13:45:22","slug":"mentions-legales-de-lespace-de-co-working-la-verriere-arles","status":"publish","type":"page","link":"https:\/\/la-verriere-arles.com\/index.php\/mentions-legales-de-lespace-de-co-working-la-verriere-arles\/","title":{"rendered":"Mentions l\u00e9gales"},"content":{"rendered":"[vc_row parallax=\u00a0\u00bbcontent-moving\u00a0\u00bb parallax_image=\u00a0\u00bb3559&Prime; css=\u00a0\u00bb.vc_custom_1623246023199{background-color: #007580 !important;}\u00a0\u00bb][vc_column][vc_row_inner css=\u00a0\u00bb.vc_custom_1623246030825{background-color: #007580 !important;}\u00a0\u00bb][vc_column_inner][vc_column_text]\r\n<h2 style=\"text-align: center;\"><span style=\"color: #ffcd00;\"><strong>MENTIONS L\u00c9GALES<\/strong><\/span><\/h2>\r\n[\/vc_column_text][\/vc_column_inner][\/vc_row_inner][vc_row_inner css=\u00a0\u00bb.vc_custom_1623246014861{background-color: #007580 !important;}\u00a0\u00bb][vc_column_inner][vc_column_text]\r\n<p class=\"text-center\"><span style=\"color: #ffffff;\">Merci de lire attentivement les modalit\u00e9s d&rsquo;utilisation du site avant de le parcourir. En vous connectant sur ce site, vous acceptez sans r\u00e9serve les pr\u00e9sentes modalit\u00e9s.<\/span><\/p>\r\n\r\n<h4><span style=\"color: #ffffff;\">Editeur du site<label><small><\/small><\/label><\/span><\/h4>\r\n<span style=\"color: #ffffff;\">SAS<\/span>\r\n<span style=\"color: #ffffff;\"><strong>Origami Productions<\/strong><\/span>\r\n<span style=\"color: #ffffff;\">18 rue Am\u00e9d\u00e9e Pichot<\/span>\r\n<span style=\"color: #ffffff;\">13200 Arles<\/span>\r\n<span style=\"color: #ffffff;\">04 90 96 88 86<\/span>\r\n\r\n<span style=\"color: #ffffff;\">Capital Social: 5000\u20ac<\/span>\r\n<span style=\"color: #ffffff;\">Num\u00e9ro de SIRET: 832 441 489 000 16<\/span>\r\n<span style=\"color: #ffffff;\">RCS: Tarascon<\/span>\r\n<span style=\"color: #ffffff;\">Num TVA Intracommunautaire: FR18 832 441 489<\/span>\r\n<span style=\"color: #ffffff;\">Email: <a style=\"color: #ffffff;\">info@origamiprod.com<\/a><\/span>\r\n<h4><span style=\"color: #ffffff;\">Cr\u00e9ateur du site &#8211; Webmaster<\/span><\/h4>\r\n<span style=\"color: #ffffff;\">Theme by<b><a style=\"color: #ffffff;\" href=\"http:\/\/www.tommusrhodus.com\">TommusRhodus<\/a><\/b><\/span>\r\n<h4><span style=\"color: #ffffff;\">Responsable de la publication<\/span><\/h4>\r\n<span style=\"color: #ffffff;\"><strong>Justine Pautus<\/strong><\/span>\r\n<span style=\"color: #ffffff;\"><a style=\"color: #ffffff;\">justine@origamiprod.com<\/a><\/span>\r\n<h4><span style=\"color: #ffffff;\">H\u00e9bergeur du site<\/span><\/h4>\r\n<span style=\"color: #ffffff;\"><strong>OVH<\/strong><\/span>\r\n<span style=\"color: #ffffff;\">2 rue Kellermann<\/span>\r\n<span style=\"color: #ffffff;\">59100 Roubaix<\/span>\r\n<span style=\"color: #ffffff;\">France<\/span>\r\n<h4><span style=\"color: #ffffff;\">Propri\u00e9t\u00e9s intellectuelles<\/span><\/h4>\r\n<span style=\"color: #ffffff;\">Les contenus de ce site (structure, design, texte, image, animation, logo) sont la propri\u00e9t\u00e9 exclusive de Origami Productions. Toute repr\u00e9sentation totale ou partielle de ce site est soumise \u00e0 l\u2019autorisation pr\u00e9alable, \u00e9crite et expresse de Origami Productions.<\/span>\r\n<h4><span style=\"color: #ffffff;\">Limitation de responsabilit\u00e9<\/span><\/h4>\r\n<span style=\"color: #ffffff;\">Ce site ne saurait \u00eatre tenu pour responsable des erreurs rencontr\u00e9es sur le site, probl\u00e8mes techniques, interpr\u00e9tation des informations publi\u00e9e et cons\u00e9quences de leur utilisation. En cons\u00e9quence, l\u2019utilisateur reconna\u00eet utiliser ces informations sous sa responsabilit\u00e9 exclusive.<\/span>\r\n<h4><span style=\"color: #ffffff;\">Cr\u00e9dits photos<\/span><\/h4>\r\n<span style=\"color: #ffffff;\">Origami Productions<\/span>\r\n\r\n<span style=\"color: #ffffff;\">Lien vers notre <a style=\"color: #ffffff;\" href=\"https:\/\/origamiprod.com\/politique-de-confidentialite\/\"><strong>Politique de confidentialit\u00e9<\/strong><\/a><\/span>\r\n<span style=\"color: #ffffff;\"><a style=\"color: #ffffff;\" href=\"http:\/\/origamiprod.com\/\">origamiprod.com<\/a><\/span>[\/vc_column_text][\/vc_column_inner][\/vc_row_inner][\/vc_column][\/vc_row]","protected":false},"excerpt":{"rendered":"<p>[vc_row parallax=\u00a0\u00bbcontent-moving\u00a0\u00bb parallax_image=\u00a0\u00bb3559&Prime; css=\u00a0\u00bb.vc_custom_1623246023199{background-color: #007580 !important;}\u00a0\u00bb][vc_column][vc_row_inner css=\u00a0\u00bb.vc_custom_1623246030825{background-color: #007580 !important;}\u00a0\u00bb][vc_column_inner][vc_column_text] MENTIONS L\u00c9GALES [\/vc_column_text][\/vc_column_inner][\/vc_row_inner][vc_row_inner css=\u00a0\u00bb.vc_custom_1623246014861{background-color: #007580 !important;}\u00a0\u00bb][vc_column_inner][vc_column_text] Merci de lire attentivement les modalit\u00e9s d&rsquo;utilisation du site avant de le parcourir. En vous connectant sur ce site, vous acceptez sans r\u00e9serve les pr\u00e9sentes modalit\u00e9s. Editeur du site SAS Origami Productions 18 rue Am\u00e9d\u00e9e Pichot 13200 Arles 04 90 [&hellip;]<\/p>\n","protected":false},"author":1,"featured_media":0,"parent":0,"menu_order":0,"comment_status":"closed","ping_status":"closed","template":"","meta":[],"yoast_head":"<!-- This site is optimized with the Yoast SEO plugin v16.4 - https:\/\/yoast.com\/wordpress\/plugins\/seo\/ -->\n<title>Mentions l\u00e9gales de l&#039;espace de co-working La Verri\u00e8re - Arles<\/title>\n<meta name=\"description\" content=\"D\u00e9couvrez l&#039;ensemble des mentions l\u00e9gales de l&#039;espace de co-working La Verri\u00e8re \u00e0 Arles, se trouvant au 18 Rue Am\u00e9d\u00e9e Pichot (13200).\" \/>\n<meta name=\"robots\" content=\"index, follow, max-snippet:-1, max-image-preview:large, max-video-preview:-1\" \/>\n<link rel=\"canonical\" href=\"https:\/\/la-verriere-arles.com\/index.php\/mentions-legales-de-lespace-de-co-working-la-verriere-arles\/\" \/>\n<meta property=\"og:locale\" content=\"fr_FR\" \/>\n<meta property=\"og:type\" content=\"article\" \/>\n<meta property=\"og:title\" content=\"Mentions l\u00e9gales de l&#039;espace de co-working La Verri\u00e8re - Arles\" \/>\n<meta property=\"og:description\" content=\"D\u00e9couvrez l&#039;ensemble des mentions l\u00e9gales de l&#039;espace de co-working La Verri\u00e8re \u00e0 Arles, se trouvant au 18 Rue Am\u00e9d\u00e9e Pichot (13200).\" \/>\n<meta property=\"og:url\" content=\"https:\/\/la-verriere-arles.com\/index.php\/mentions-legales-de-lespace-de-co-working-la-verriere-arles\/\" \/>\n<meta property=\"og:site_name\" content=\"La Verriere\" \/>\n<meta property=\"article:modified_time\" content=\"2021-06-09T13:45:22+00:00\" \/>\n<meta name=\"twitter:card\" content=\"summary_large_image\" \/>\n<meta name=\"twitter:label1\" content=\"Dur\u00e9e de lecture est.\" \/>\n\t<meta name=\"twitter:data1\" content=\"1 minute\" \/>\n<script type=\"application\/ld+json\" class=\"yoast-schema-graph\">{\"@context\":\"https:\/\/schema.org\",\"@graph\":[{\"@type\":\"WebSite\",\"@id\":\"https:\/\/la-verriere-arles.com\/#website\",\"url\":\"https:\/\/la-verriere-arles.com\/\",\"name\":\"La Verriere\",\"description\":\"Espace de coworking sur Arles\",\"potentialAction\":[{\"@type\":\"SearchAction\",\"target\":\"https:\/\/la-verriere-arles.com\/?s={search_term_string}\",\"query-input\":\"required name=search_term_string\"}],\"inLanguage\":\"fr-FR\"},{\"@type\":\"WebPage\",\"@id\":\"https:\/\/la-verriere-arles.com\/index.php\/mentions-legales-de-lespace-de-co-working-la-verriere-arles\/#webpage\",\"url\":\"https:\/\/la-verriere-arles.com\/index.php\/mentions-legales-de-lespace-de-co-working-la-verriere-arles\/\",\"name\":\"Mentions l\\u00e9gales de l'espace de co-working La Verri\\u00e8re - Arles\",\"isPartOf\":{\"@id\":\"https:\/\/la-verriere-arles.com\/#website\"},\"datePublished\":\"2021-06-09T13:36:20+00:00\",\"dateModified\":\"2021-06-09T13:45:22+00:00\",\"description\":\"D\\u00e9couvrez l'ensemble des mentions l\\u00e9gales de l'espace de co-working La Verri\\u00e8re \\u00e0 Arles, se trouvant au 18 Rue Am\\u00e9d\\u00e9e Pichot (13200).\",\"breadcrumb\":{\"@id\":\"https:\/\/la-verriere-arles.com\/index.php\/mentions-legales-de-lespace-de-co-working-la-verriere-arles\/#breadcrumb\"},\"inLanguage\":\"fr-FR\",\"potentialAction\":[{\"@type\":\"ReadAction\",\"target\":[\"https:\/\/la-verriere-arles.com\/index.php\/mentions-legales-de-lespace-de-co-working-la-verriere-arles\/\"]}]},{\"@type\":\"BreadcrumbList\",\"@id\":\"https:\/\/la-verriere-arles.com\/index.php\/mentions-legales-de-lespace-de-co-working-la-verriere-arles\/#breadcrumb\",\"itemListElement\":[{\"@type\":\"ListItem\",\"position\":1,\"item\":{\"@type\":\"WebPage\",\"@id\":\"https:\/\/la-verriere-arles.com\/\",\"url\":\"https:\/\/la-verriere-arles.com\/\",\"name\":\"Accueil\"}},{\"@type\":\"ListItem\",\"position\":2,\"item\":{\"@id\":\"https:\/\/la-verriere-arles.com\/index.php\/mentions-legales-de-lespace-de-co-working-la-verriere-arles\/#webpage\"}}]}]}<\/script>\n<!-- \/ Yoast SEO plugin. -->","cmb2":{"uhe_rest_metabox":{"uhe_rest_text":""}},"_links":{"self":[{"href":"https:\/\/la-verriere-arles.com\/index.php\/wp-json\/wp\/v2\/pages\/293"}],"collection":[{"href":"https:\/\/la-verriere-arles.com\/index.php\/wp-json\/wp\/v2\/pages"}],"about":[{"href":"https:\/\/la-verriere-arles.com\/index.php\/wp-json\/wp\/v2\/types\/page"}],"author":[{"embeddable":true,"href":"https:\/\/la-verriere-arles.com\/index.php\/wp-json\/wp\/v2\/users\/1"}],"replies":[{"embeddable":true,"href":"https:\/\/la-verriere-arles.com\/index.php\/wp-json\/wp\/v2\/comments?post=293"}],"version-history":[{"count":5,"href":"https:\/\/la-verriere-arles.com\/index.php\/wp-json\/wp\/v2\/pages\/293\/revisions"}],"predecessor-version":[{"id":299,"href":"https:\/\/la-verriere-arles.com\/index.php\/wp-json\/wp\/v2\/pages\/293\/revisions\/299"}],"wp:attachment":[{"href":"https:\/\/la-verriere-arles.com\/index.php\/wp-json\/wp\/v2\/media?parent=293"}],"curies":[{"name":"wp","href":"https:\/\/api.w.org\/{rel}","templated":true}]}}

Mentions légales

[vc_row parallax= »content-moving » parallax_image= »3559&Prime; css= ».vc_custom_1623246023199{background-color: #007580 !important;} »][vc_column][vc_row_inner css= ».vc_custom_1623246030825{background-color: #007580 !important;} »][vc_column_inner][vc_column_text]
<h2 style="text-align: center;"><span style="color: #ffcd00;"><strong>MENTIONS LÉGALES</strong></span></h2>
[/vc_column_text][/vc_column_inner][/vc_row_inner][vc_row_inner css= ».vc_custom_1623246014861{background-color: #007580 !important;} »][vc_column_inner][vc_column_text]
<p class="text-center"><span style="color: #ffffff;">Merci de lire attentivement les modalités d&rsquo;utilisation du site avant de le parcourir. En vous connectant sur ce site, vous acceptez sans réserve les présentes modalités.</span></p>

<h4><span style="color: #ffffff;">Editeur du site<label><small></small></label></span></h4>
<span style="color: #ffffff;">SAS</span>
<span style="color: #ffffff;"><strong>Origami Productions</strong></span>
<span style="color: #ffffff;">18 rue Amédée Pichot</span>
<span style="color: #ffffff;">13200 Arles</span>
<span style="color: #ffffff;">04 90 96 88 86</span>

<span style="color: #ffffff;">Capital Social: 5000€</span>
<span style="color: #ffffff;">Numéro de SIRET: 832 441 489 000 16</span>
<span style="color: #ffffff;">RCS: Tarascon</span>
<span style="color: #ffffff;">Num TVA Intracommunautaire: FR18 832 441 489</span>
<span style="color: #ffffff;">Email: <a style="color: #ffffff;">info@origamiprod.com</a></span>
<h4><span style="color: #ffffff;">Créateur du site &#8211; Webmaster</span></h4>
<span style="color: #ffffff;">Theme by<b><a style="color: #ffffff;" href="http://www.tommusrhodus.com">TommusRhodus</a></b></span>
<h4><span style="color: #ffffff;">Responsable de la publication</span></h4>
<span style="color: #ffffff;"><strong>Justine Pautus</strong></span>
<span style="color: #ffffff;"><a style="color: #ffffff;">justine@origamiprod.com</a></span>
<h4><span style="color: #ffffff;">Hébergeur du site</span></h4>
<span style="color: #ffffff;"><strong>OVH</strong></span>
<span style="color: #ffffff;">2 rue Kellermann</span>
<span style="color: #ffffff;">59100 Roubaix</span>
<span style="color: #ffffff;">France</span>
<h4><span style="color: #ffffff;">Propriétés intellectuelles</span></h4>
<span style="color: #ffffff;">Les contenus de ce site (structure, design, texte, image, animation, logo) sont la propriété exclusive de Origami Productions. Toute représentation totale ou partielle de ce site est soumise à l’autorisation préalable, écrite et expresse de Origami Productions.</span>
<h4><span style="color: #ffffff;">Limitation de responsabilité</span></h4>
<span style="color: #ffffff;">Ce site ne saurait être tenu pour responsable des erreurs rencontrées sur le site, problèmes techniques, interprétation des informations publiée et conséquences de leur utilisation. En conséquence, l’utilisateur reconnaît utiliser ces informations sous sa responsabilité exclusive.</span>
<h4><span style="color: #ffffff;">Crédits photos</span></h4>
<span style="color: #ffffff;">Origami Productions</span>

<span style="color: #ffffff;">Lien vers notre <a style="color: #ffffff;" href="https://origamiprod.com/politique-de-confidentialite/"><strong>Politique de confidentialité</strong></a></span>
<span style="color: #ffffff;"><a style="color: #ffffff;" href="http://origamiprod.com/">origamiprod.com</a></span>[/vc_column_text][/vc_column_inner][/vc_row_inner][/vc_column][/vc_row]

<p>[vc_row parallax= »content-moving » parallax_image= »3559&Prime; css= ».vc_custom_1623246023199{background-color: #007580 !important;} »][vc_column][vc_row_inner css= ».vc_custom_1623246030825{background-color: #007580 !important;} »][vc_column_inner][vc_column_text] MENTIONS LÉGALES [/vc_column_text][/vc_column_inner][/vc_row_inner][vc_row_inner css= ».vc_custom_1623246014861{background-color: #007580 !important;} »][vc_column_inner][vc_column_text] Merci de lire attentivement les modalités d&rsquo;utilisation du site avant de le parcourir. En vous connectant sur ce site, vous acceptez sans réserve les présentes modalités. Editeur du site SAS Origami Productions 18 rue Amédée Pichot 13200 Arles 04 90 [&hellip;]</p>

<!-- This site is optimized with the Yoast SEO plugin v16.4 - https://yoast.com/wordpress/plugins/seo/ -->
<title>Mentions légales de l&#039;espace de co-working La Verrière - Arles</title>
<meta name="description" content="Découvrez l&#039;ensemble des mentions légales de l&#039;espace de co-working La Verrière à Arles, se trouvant au 18 Rue Amédée Pichot (13200)." />
<meta name="robots" content="index, follow, max-snippet:-1, max-image-preview:large, max-video-preview:-1" />
<link rel="canonical" href="https://la-verriere-arles.com/index.php/mentions-legales-de-lespace-de-co-working-la-verriere-arles/" />
<meta property="og:locale" content="fr_FR" />
<meta property="og:type" content="article" />
<meta property="og:title" content="Mentions légales de l&#039;espace de co-working La Verrière - Arles" />
<meta property="og:description" content="Découvrez l&#039;ensemble des mentions légales de l&#039;espace de co-working La Verrière à Arles, se trouvant au 18 Rue Amédée Pichot (13200)." />
<meta property="og:url" content="https://la-verriere-arles.com/index.php/mentions-legales-de-lespace-de-co-working-la-verriere-arles/" />
<meta property="og:site_name" content="La Verriere" />
<meta property="article:modified_time" content="2021-06-09T13:45:22+00:00" />
<meta name="twitter:card" content="summary_large_image" />
<meta name="twitter:label1" content="Durée de lecture est." />
	<meta name="twitter:data1" content="1 minute" />
<script type="application/ld+json" class="yoast-schema-graph">{"@context":"https://schema.org","@graph":[{"@type":"WebSite","@id":"https://la-verriere-arles.com/#website","url":"https://la-verriere-arles.com/","name":"La Verriere","description":"Espace de coworking sur Arles","potentialAction":[{"@type":"SearchAction","target":"https://la-verriere-arles.com/?s={search_term_string}","query-input":"required name=search_term_string"}],"inLanguage":"fr-FR"},{"@type":"WebPage","@id":"https://la-verriere-arles.com/index.php/mentions-legales-de-lespace-de-co-working-la-verriere-arles/#webpage","url":"https://la-verriere-arles.com/index.php/mentions-legales-de-lespace-de-co-working-la-verriere-arles/","name":"Mentions l\u00e9gales de l'espace de co-working La Verri\u00e8re - Arles","isPartOf":{"@id":"https://la-verriere-arles.com/#website"},"datePublished":"2021-06-09T13:36:20+00:00","dateModified":"2021-06-09T13:45:22+00:00","description":"D\u00e9couvrez l'ensemble des mentions l\u00e9gales de l'espace de co-working La Verri\u00e8re \u00e0 Arles, se trouvant au 18 Rue Am\u00e9d\u00e9e Pichot (13200).","breadcrumb":{"@id":"https://la-verriere-arles.com/index.php/mentions-legales-de-lespace-de-co-working-la-verriere-arles/#breadcrumb"},"inLanguage":"fr-FR","potentialAction":[{"@type":"ReadAction","target":["https://la-verriere-arles.com/index.php/mentions-legales-de-lespace-de-co-working-la-verriere-arles/"]}]},{"@type":"BreadcrumbList","@id":"https://la-verriere-arles.com/index.php/mentions-legales-de-lespace-de-co-working-la-verriere-arles/#breadcrumb","itemListElement":[{"@type":"ListItem","position":1,"item":{"@type":"WebPage","@id":"https://la-verriere-arles.com/","url":"https://la-verriere-arles.com/","name":"Accueil"}},{"@type":"ListItem","position":2,"item":{"@id":"https://la-verriere-arles.com/index.php/mentions-legales-de-lespace-de-co-working-la-verriere-arles/#webpage"}}]}]}</script>
<!-- / Yoast SEO plugin. -->
