{"id":308,"date":"2021-06-09T16:19:40","date_gmt":"2021-06-09T14:19:40","guid":{"rendered":"http:\/\/la-verriere-arles.com\/?page_id=308"},"modified":"2021-06-09T16:33:37","modified_gmt":"2021-06-09T14:33:37","slug":"politique-de-cookie-la-verriere-arles","status":"publish","type":"page","link":"https:\/\/la-verriere-arles.com\/index.php\/politique-de-cookie-la-verriere-arles\/","title":{"rendered":"Politique de cookie"},"content":{"rendered":"[vc_row css=\u00a0\u00bb.vc_custom_1623248323792{background-color: #007580 !important;}\u00a0\u00bb][vc_column][vc_column_text]\r\n<h2 style=\"text-align: center;\"><span style=\"color: #ffcd00;\"><strong>POLITIQUE DE COOKIE<\/strong><\/span><\/h2>\r\n[\/vc_column_text][vc_column_text]\r\n<h4 class=\"p1\"><span class=\"s1\" style=\"color: #ffffff;\"><b>Qu\u2019est-ce qu\u2019un cookie ?<\/b><\/span><\/h4>\r\n<p class=\"p2\"><span class=\"s1\" style=\"color: #ffffff;\">Un cookie est un petit fichier texte d\u00e9pos\u00e9 sur le disque dur de votre terminal lors de votre visite sur un site internet.<\/span><\/p>\r\n<p class=\"p2\"><span class=\"s1\" style=\"color: #ffffff;\">Il enregistre certaines informations sur votre navigation ou sur votre comportement en ligne.<\/span><\/p>\r\n\r\n<h4 class=\"p1\"><span class=\"s1\" style=\"color: #ffffff;\"><b>A quoi servent les cookies ?<\/b><\/span><\/h4>\r\n<p class=\"p2\"><span class=\"s1\" style=\"color: #ffffff;\">Les cookies utilis\u00e9s sur notre site servent \u00e0 vous diff\u00e9rencier pour am\u00e9liorer votre navigation et les services que nous vous proposons.<\/span><\/p>\r\n<p class=\"p2\"><span class=\"s1\" style=\"color: #ffffff;\">En pratique, les cookies techniques nous permettent de vous authentifier, de vous identifier, d\u2019acc\u00e9l\u00e9rer votre navigation sur notre site et l\u2019acc\u00e8s \u00e0 ses diff\u00e9rentes fonctionnalit\u00e9s.<\/span><\/p>\r\n<p class=\"p2\"><span class=\"s1\" style=\"color: #ffffff;\">D\u2019autres cookies de mesure d\u2019audience et traceurs peuvent nous servir \u00e0 \u00e9tablir des statistiques d\u2019audience de notre site,\u00a0 afin de nous am\u00e9liorer et de vous proposer toujours plus de confort dans la visite de notre site, et \u00e0 vous des publicit\u00e9s et offres promotionnelles cibl\u00e9es en fonction de votre navigation.<\/span><\/p>\r\n\r\n<h4 class=\"p1\"><span class=\"s1\" style=\"color: #ffffff;\"><b>Politique de gestion des cookies<\/b><\/span><\/h4>\r\n<p class=\"p2\"><span style=\"color: #ffffff;\"><span class=\"s1\">Si vous d\u00e9posez un commentaire sur notre site, <\/span><span class=\"s2\">il vous sera propos\u00e9 d\u2019enregistrer votre nom, adresse de messagerie et site web dans des cookies<\/span><span class=\"s1\">. C\u2019est uniquement pour votre confort afin de ne pas avoir \u00e0 saisir ces informations si vous d\u00e9posez un autre commentaire plus tard. Ces cookies <\/span><span class=\"s2\">expirent au bout d\u2019un an<\/span><span class=\"s1\">.<\/span><\/span><\/p>\r\n<p class=\"p4\"><span style=\"color: #ffffff;\"><span class=\"s1\">En modifiant ou en publiant un article, un cookie suppl\u00e9mentaire sera enregistr\u00e9 dans votre navigateur. Ce cookie ne comprend aucune donn\u00e9e personnelle. Il indique simplement l\u2019identifiant de l\u2019article que vous venez de modifier. Il expire au bout d\u2019un jour<\/span><span class=\"s3\">.<\/span><\/span><\/p>\r\n\r\n<h4 class=\"p1\"><span class=\"s1\" style=\"color: #ffffff;\"><b>Vos droits<\/b><\/span><\/h4>\r\n<p class=\"p5\"><span class=\"s1\" style=\"color: #ffffff;\">Outre votre droit de revenir \u00e0 tout moment sur votre consentement \u00e0 ce que tel ou tel cookie soit d\u00e9pos\u00e9 sur votre terminal, vous disposez d\u2019un droit d\u2019acc\u00e8s, de rectification, d\u2019effacement ou de portabilit\u00e9 de vos donn\u00e9es ou vous pouvez vous opposer au traitement de vos de donn\u00e9es (ou en demander la limitation), ou bien encore, vous pouvez d\u00e9finir le sort de vos donn\u00e9es post mortem. Ces droits peuvent \u00eatre exerc\u00e9es par courrier au 18 rue Am\u00e9d\u00e9e PICHOT, 13200 Arles ou par courrier \u00e9lectronique \u00e0\u00a0 <a style=\"color: #ffffff;\"><span class=\"s4\"><b>justine@groupeilmj.com<\/b><\/span><\/a>.<\/span><\/p>\r\n\r\n<h4 class=\"p1\"><span class=\"s1\" style=\"color: #ffffff;\"><b>Nous contacter<\/b><\/span><\/h4>\r\n<p class=\"p5\"><span class=\"s1\" style=\"color: #ffffff;\">Si vous avez des questions ou si vous estimez que vos pr\u00e9occupations n\u2019ont pas \u00e9t\u00e9 abord\u00e9es dans la pr\u00e9sente Politique en mati\u00e8re de cookies, veuillez nous contacter en envoyant un courriel \u00e0 l\u2019adresse \u00e9lectronique suivante : <span class=\"s5\"><b><a style=\"color: #ffffff;\">justine@groupeilmj.com<\/a>.<\/b><\/span><\/span><\/p>\r\n[\/vc_column_text][\/vc_column][\/vc_row]","protected":false},"excerpt":{"rendered":"<p>[vc_row css=\u00a0\u00bb.vc_custom_1623248323792{background-color: #007580 !important;}\u00a0\u00bb][vc_column][vc_column_text] POLITIQUE DE COOKIE [\/vc_column_text][vc_column_text] Qu\u2019est-ce qu\u2019un cookie ? Un cookie est un petit fichier texte d\u00e9pos\u00e9 sur le disque dur de votre terminal lors de votre visite sur un site internet. Il enregistre certaines informations sur votre navigation ou sur votre comportement en ligne. A quoi servent les cookies ? Les [&hellip;]<\/p>\n","protected":false},"author":1,"featured_media":0,"parent":0,"menu_order":0,"comment_status":"closed","ping_status":"closed","template":"","meta":[],"yoast_head":"<!-- This site is optimized with the Yoast SEO plugin v16.4 - https:\/\/yoast.com\/wordpress\/plugins\/seo\/ -->\n<title>Politique de cookie - La Verri\u00e8re Arles<\/title>\n<meta name=\"description\" content=\"Politique de cookie de l&#039;espace de co-working La Verri\u00e8re \u00e0 Arles (13200).\" \/>\n<meta name=\"robots\" content=\"index, follow, max-snippet:-1, max-image-preview:large, max-video-preview:-1\" \/>\n<link rel=\"canonical\" href=\"https:\/\/la-verriere-arles.com\/index.php\/politique-de-cookie-la-verriere-arles\/\" \/>\n<meta property=\"og:locale\" content=\"fr_FR\" \/>\n<meta property=\"og:type\" content=\"article\" \/>\n<meta property=\"og:title\" content=\"Politique de cookie - La Verri\u00e8re Arles\" \/>\n<meta property=\"og:description\" content=\"Politique de cookie de l&#039;espace de co-working La Verri\u00e8re \u00e0 Arles (13200).\" \/>\n<meta property=\"og:url\" content=\"https:\/\/la-verriere-arles.com\/index.php\/politique-de-cookie-la-verriere-arles\/\" \/>\n<meta property=\"og:site_name\" content=\"La Verriere\" \/>\n<meta property=\"article:modified_time\" content=\"2021-06-09T14:33:37+00:00\" \/>\n<meta name=\"twitter:card\" content=\"summary_large_image\" \/>\n<meta name=\"twitter:label1\" content=\"Dur\u00e9e de lecture est.\" \/>\n\t<meta name=\"twitter:data1\" content=\"2 minutes\" \/>\n<script type=\"application\/ld+json\" class=\"yoast-schema-graph\">{\"@context\":\"https:\/\/schema.org\",\"@graph\":[{\"@type\":\"WebSite\",\"@id\":\"https:\/\/la-verriere-arles.com\/#website\",\"url\":\"https:\/\/la-verriere-arles.com\/\",\"name\":\"La Verriere\",\"description\":\"Espace de coworking sur Arles\",\"potentialAction\":[{\"@type\":\"SearchAction\",\"target\":\"https:\/\/la-verriere-arles.com\/?s={search_term_string}\",\"query-input\":\"required name=search_term_string\"}],\"inLanguage\":\"fr-FR\"},{\"@type\":\"WebPage\",\"@id\":\"https:\/\/la-verriere-arles.com\/index.php\/politique-de-cookie-la-verriere-arles\/#webpage\",\"url\":\"https:\/\/la-verriere-arles.com\/index.php\/politique-de-cookie-la-verriere-arles\/\",\"name\":\"Politique de cookie - La Verri\\u00e8re Arles\",\"isPartOf\":{\"@id\":\"https:\/\/la-verriere-arles.com\/#website\"},\"datePublished\":\"2021-06-09T14:19:40+00:00\",\"dateModified\":\"2021-06-09T14:33:37+00:00\",\"description\":\"Politique de cookie de l'espace de co-working La Verri\\u00e8re \\u00e0 Arles (13200).\",\"breadcrumb\":{\"@id\":\"https:\/\/la-verriere-arles.com\/index.php\/politique-de-cookie-la-verriere-arles\/#breadcrumb\"},\"inLanguage\":\"fr-FR\",\"potentialAction\":[{\"@type\":\"ReadAction\",\"target\":[\"https:\/\/la-verriere-arles.com\/index.php\/politique-de-cookie-la-verriere-arles\/\"]}]},{\"@type\":\"BreadcrumbList\",\"@id\":\"https:\/\/la-verriere-arles.com\/index.php\/politique-de-cookie-la-verriere-arles\/#breadcrumb\",\"itemListElement\":[{\"@type\":\"ListItem\",\"position\":1,\"item\":{\"@type\":\"WebPage\",\"@id\":\"https:\/\/la-verriere-arles.com\/\",\"url\":\"https:\/\/la-verriere-arles.com\/\",\"name\":\"Accueil\"}},{\"@type\":\"ListItem\",\"position\":2,\"item\":{\"@id\":\"https:\/\/la-verriere-arles.com\/index.php\/politique-de-cookie-la-verriere-arles\/#webpage\"}}]}]}<\/script>\n<!-- \/ Yoast SEO plugin. -->","cmb2":{"uhe_rest_metabox":{"uhe_rest_text":""}},"_links":{"self":[{"href":"https:\/\/la-verriere-arles.com\/index.php\/wp-json\/wp\/v2\/pages\/308"}],"collection":[{"href":"https:\/\/la-verriere-arles.com\/index.php\/wp-json\/wp\/v2\/pages"}],"about":[{"href":"https:\/\/la-verriere-arles.com\/index.php\/wp-json\/wp\/v2\/types\/page"}],"author":[{"embeddable":true,"href":"https:\/\/la-verriere-arles.com\/index.php\/wp-json\/wp\/v2\/users\/1"}],"replies":[{"embeddable":true,"href":"https:\/\/la-verriere-arles.com\/index.php\/wp-json\/wp\/v2\/comments?post=308"}],"version-history":[{"count":3,"href":"https:\/\/la-verriere-arles.com\/index.php\/wp-json\/wp\/v2\/pages\/308\/revisions"}],"predecessor-version":[{"id":312,"href":"https:\/\/la-verriere-arles.com\/index.php\/wp-json\/wp\/v2\/pages\/308\/revisions\/312"}],"wp:attachment":[{"href":"https:\/\/la-verriere-arles.com\/index.php\/wp-json\/wp\/v2\/media?parent=308"}],"curies":[{"name":"wp","href":"https:\/\/api.w.org\/{rel}","templated":true}]}}

[vc_row css= ».vc_custom_1623248323792{background-color: #007580 !important;} »][vc_column][vc_column_text]
<h2 style="text-align: center;"><span style="color: #ffcd00;"><strong>POLITIQUE DE COOKIE</strong></span></h2>
[/vc_column_text][vc_column_text]
<h4 class="p1"><span class="s1" style="color: #ffffff;"><b>Qu’est-ce qu’un cookie ?</b></span></h4>
<p class="p2"><span class="s1" style="color: #ffffff;">Un cookie est un petit fichier texte déposé sur le disque dur de votre terminal lors de votre visite sur un site internet.</span></p>
<p class="p2"><span class="s1" style="color: #ffffff;">Il enregistre certaines informations sur votre navigation ou sur votre comportement en ligne.</span></p>

<h4 class="p1"><span class="s1" style="color: #ffffff;"><b>A quoi servent les cookies ?</b></span></h4>
<p class="p2"><span class="s1" style="color: #ffffff;">Les cookies utilisés sur notre site servent à vous différencier pour améliorer votre navigation et les services que nous vous proposons.</span></p>
<p class="p2"><span class="s1" style="color: #ffffff;">En pratique, les cookies techniques nous permettent de vous authentifier, de vous identifier, d’accélérer votre navigation sur notre site et l’accès à ses différentes fonctionnalités.</span></p>
<p class="p2"><span class="s1" style="color: #ffffff;">D’autres cookies de mesure d’audience et traceurs peuvent nous servir à établir des statistiques d’audience de notre site,  afin de nous améliorer et de vous proposer toujours plus de confort dans la visite de notre site, et à vous des publicités et offres promotionnelles ciblées en fonction de votre navigation.</span></p>

<h4 class="p1"><span class="s1" style="color: #ffffff;"><b>Politique de gestion des cookies</b></span></h4>
<p class="p2"><span style="color: #ffffff;"><span class="s1">Si vous déposez un commentaire sur notre site, </span><span class="s2">il vous sera proposé d’enregistrer votre nom, adresse de messagerie et site web dans des cookies</span><span class="s1">. C’est uniquement pour votre confort afin de ne pas avoir à saisir ces informations si vous déposez un autre commentaire plus tard. Ces cookies </span><span class="s2">expirent au bout d’un an</span><span class="s1">.</span></span></p>
<p class="p4"><span style="color: #ffffff;"><span class="s1">En modifiant ou en publiant un article, un cookie supplémentaire sera enregistré dans votre navigateur. Ce cookie ne comprend aucune donnée personnelle. Il indique simplement l’identifiant de l’article que vous venez de modifier. Il expire au bout d’un jour</span><span class="s3">.</span></span></p>

<h4 class="p1"><span class="s1" style="color: #ffffff;"><b>Vos droits</b></span></h4>
<p class="p5"><span class="s1" style="color: #ffffff;">Outre votre droit de revenir à tout moment sur votre consentement à ce que tel ou tel cookie soit déposé sur votre terminal, vous disposez d’un droit d’accès, de rectification, d’effacement ou de portabilité de vos données ou vous pouvez vous opposer au traitement de vos de données (ou en demander la limitation), ou bien encore, vous pouvez définir le sort de vos données post mortem. Ces droits peuvent être exercées par courrier au 18 rue Amédée PICHOT, 13200 Arles ou par courrier électronique à  <a style="color: #ffffff;"><span class="s4"><b>justine@groupeilmj.com</b></span></a>.</span></p>

<h4 class="p1"><span class="s1" style="color: #ffffff;"><b>Nous contacter</b></span></h4>
<p class="p5"><span class="s1" style="color: #ffffff;">Si vous avez des questions ou si vous estimez que vos préoccupations n’ont pas été abordées dans la présente Politique en matière de cookies, veuillez nous contacter en envoyant un courriel à l’adresse électronique suivante : <span class="s5"><b><a style="color: #ffffff;">justine@groupeilmj.com</a>.</b></span></span></p>
[/vc_column_text][/vc_column][/vc_row]

<p>[vc_row css= ».vc_custom_1623248323792{background-color: #007580 !important;} »][vc_column][vc_column_text] POLITIQUE DE COOKIE [/vc_column_text][vc_column_text] Qu’est-ce qu’un cookie ? Un cookie est un petit fichier texte déposé sur le disque dur de votre terminal lors de votre visite sur un site internet. Il enregistre certaines informations sur votre navigation ou sur votre comportement en ligne. A quoi servent les cookies ? Les [&hellip;]</p>

<!-- This site is optimized with the Yoast SEO plugin v16.4 - https://yoast.com/wordpress/plugins/seo/ -->
<title>Politique de cookie - La Verrière Arles</title>
<meta name="description" content="Politique de cookie de l&#039;espace de co-working La Verrière à Arles (13200)." />
<meta name="robots" content="index, follow, max-snippet:-1, max-image-preview:large, max-video-preview:-1" />
<link rel="canonical" href="https://la-verriere-arles.com/index.php/politique-de-cookie-la-verriere-arles/" />
<meta property="og:locale" content="fr_FR" />
<meta property="og:type" content="article" />
<meta property="og:title" content="Politique de cookie - La Verrière Arles" />
<meta property="og:description" content="Politique de cookie de l&#039;espace de co-working La Verrière à Arles (13200)." />
<meta property="og:url" content="https://la-verriere-arles.com/index.php/politique-de-cookie-la-verriere-arles/" />
<meta property="og:site_name" content="La Verriere" />
<meta property="article:modified_time" content="2021-06-09T14:33:37+00:00" />
<meta name="twitter:card" content="summary_large_image" />
<meta name="twitter:label1" content="Durée de lecture est." />
	<meta name="twitter:data1" content="2 minutes" />
<script type="application/ld+json" class="yoast-schema-graph">{"@context":"https://schema.org","@graph":[{"@type":"WebSite","@id":"https://la-verriere-arles.com/#website","url":"https://la-verriere-arles.com/","name":"La Verriere","description":"Espace de coworking sur Arles","potentialAction":[{"@type":"SearchAction","target":"https://la-verriere-arles.com/?s={search_term_string}","query-input":"required name=search_term_string"}],"inLanguage":"fr-FR"},{"@type":"WebPage","@id":"https://la-verriere-arles.com/index.php/politique-de-cookie-la-verriere-arles/#webpage","url":"https://la-verriere-arles.com/index.php/politique-de-cookie-la-verriere-arles/","name":"Politique de cookie - La Verri\u00e8re Arles","isPartOf":{"@id":"https://la-verriere-arles.com/#website"},"datePublished":"2021-06-09T14:19:40+00:00","dateModified":"2021-06-09T14:33:37+00:00","description":"Politique de cookie de l'espace de co-working La Verri\u00e8re \u00e0 Arles (13200).","breadcrumb":{"@id":"https://la-verriere-arles.com/index.php/politique-de-cookie-la-verriere-arles/#breadcrumb"},"inLanguage":"fr-FR","potentialAction":[{"@type":"ReadAction","target":["https://la-verriere-arles.com/index.php/politique-de-cookie-la-verriere-arles/"]}]},{"@type":"BreadcrumbList","@id":"https://la-verriere-arles.com/index.php/politique-de-cookie-la-verriere-arles/#breadcrumb","itemListElement":[{"@type":"ListItem","position":1,"item":{"@type":"WebPage","@id":"https://la-verriere-arles.com/","url":"https://la-verriere-arles.com/","name":"Accueil"}},{"@type":"ListItem","position":2,"item":{"@id":"https://la-verriere-arles.com/index.php/politique-de-cookie-la-verriere-arles/#webpage"}}]}]}</script>
<!-- / Yoast SEO plugin. -->
